{"id":12319,"date":"2022-07-26T09:33:50","date_gmt":"2022-07-26T07:33:50","guid":{"rendered":"http:\/\/drammen.katolsk.no\/?page_id=12319"},"modified":"2022-08-12T07:57:35","modified_gmt":"2022-08-12T05:57:35","slug":"personvernerlaering","status":"publish","type":"page","link":"https:\/\/drammen.katolsk.no\/index.php\/personvernerlaering\/","title":{"rendered":"Personvernerkl\u00e6ring"},"content":{"rendered":"<p>&nbsp;<\/p>\n<table style=\"width: 100%; border-collapse: collapse; background-color: #f0f0f0;\">\n<tbody>\n<tr>\n<td style=\"width: 100%;\">\n<h3><span style=\"font-size: 14pt;\">Personvernerkl\u00e6ring for St.Laurentius katolske menighet<\/span><\/h3>\n<p><span style=\"font-size: 12pt;\">Denne personvernerkl\u00e6ringen beskriver hvordan St.Laurentius menighet behandler personopplysninger og hva slags personopplysninger vi lagrer, hvordan vi behandler de og hvor lenge vi lagrer de. Med personopplysninger menes enhver opplysning som kan identifisere deg som person.<\/span><\/p>\n<h3><span style=\"font-size: 14pt;\">Personopplysninger vi samler inn<\/span><\/h3>\n<p><span style=\"font-size: 12pt;\">Vi behandler personopplysninger i forbindelse med p\u00e5melding til katekese og f\u00f8lgende kategorier av personopplysninger:<br \/>\n\u2022 Grunnleggende informasjon: navn, f\u00f8dselsdato<br \/>\n\u2022 Kontaktinformasjon: adresse, telefonnummer, epostadresse<\/span><\/p>\n<p><span style=\"font-size: 12pt;\">Vi skal ikke innhente flere opplysninger enn det som er n\u00f8dvendig for \u00e5 utf\u00f8re oppgaven. Opplysninger skal kun brukes til det form\u00e5let de er innhentet for.<\/span><\/p>\n<h3>Hvordan vi behandler informasjon<\/h3>\n<p><span style=\"font-size: 12pt;\">For \u00e5 registrere barnet ditt i katekesen er vi n\u00f8dt til \u00e5 lagre en viss mengde informasjon. Denne informasjonen trenger vi for \u00e5 bli bedre kjent med deg og barnet ditt, og for \u00e5 kunne ha fortl\u00f8pende kontakt med deg gjennom skole\u00e5ret.<\/span><\/p>\n<p><span style=\"font-size: 12pt;\">Informasjonen er ogs\u00e5 n\u00f8dvendig for at vi skal kunne registrere barn som ikke er registrert i Den katolske kirkes medlemsregister, og det er derfor viktig at barnets navn staves slik det st\u00e5r i Folkeregisteret.&nbsp;<\/span><\/p>\n<p><span style=\"font-size: 12pt;\">Etter hvert som barna blir eldre og skal begynne p\u00e5 konfirmasjonsundervisning er det viktig at mobilnummer registreres. Dette fordi menigheten ikke bare sender p\u00e5minnelse og informasjon om katekesen til foreldre, men ogs\u00e5 SMS-p\u00e5minnelser til barna.<\/span><\/p>\n<p><span style=\"font-size: 12pt;\">I forbindelse med forberedelser til sakramentene f\u00f8rstekommunion og konfirmasjon er det viktig at menigheten f\u00e5r vite hvor barnet er d\u00f8pt og dato, aller helst gjennom en d\u00e5psattest, da menigheten er pliktet til \u00e5 gi beskjed til d\u00e5psmenigheten etter at sakramentet er gjennomf\u00f8rt.<\/span><\/p>\n<h3><span style=\"font-size: 14pt;\">Hvor lenge vi lagrer de<\/span><\/h3>\n<p><span style=\"font-size: 12pt;\">Noen barn g\u00e5r ikke til katekese i alle \u00e5rene katekesen tilbys, men tar pauser innimellom. St. Laurentius menighet tar derfor vare p\u00e5 informasjon s\u00e5 lenge barnet er i katekesealder, dvs. til og med \u00e5ret barnet g\u00e5r i 9. klasse.<\/span><\/p>\n<p><span style=\"font-size: 12pt;\">St.Laurentius menighet skal ikke lagre personopplysninger lenger enn det som er n\u00f8dvendig ut fra form\u00e5let opplysningene er innsamlet for. Vi sletter personopplysninger n\u00e5r form\u00e5let med innsamlingen er oppn\u00e5dd. Noe informasjon kan bli lagret lenger. Vi lagrer for eksempel din grunnleggende kontaktinformasjon (e-post, telefonnummer). Dette for \u00e5 sende deg relevant informasjon i forbindelse med familie-, barne- og ungdomsarbeidet i menigheten.<\/span><\/p>\n<h3><span style=\"font-size: 14pt;\">Hvem vi deler personopplysninger<\/span><\/h3>\n<p><span style=\"font-size: 12pt;\">Det er bare godkjente personer som kan f\u00e5 tilgang til personopplysningene dine.<br \/>\nNoe av informasjonen, som klasseliste med oversikt over barnas navn er synlig i den enkelte klasse som standard. Bortsett fra dette deler vi ikke opplysninger om deg og ditt barn til andre foreldre, med mindre du aktivt ber om det.<\/span><\/p>\n<p><span style=\"font-size: 12pt;\">Vi deler ogs\u00e5 foreldres telefonnummer til kateketene i den enkelte klasse, slik at de kan ta kontakt med foreldre dersom det skulle v\u00e6re n\u00f8dvendig.<\/span><\/p>\n<p><span style=\"font-size: 12pt;\">All sensitiv informasjon om deg og ditt barn, som familiesituasjon og sykdom, er det kun&nbsp;katekesekoordinator\/menighetkontoret&nbsp;og i s\u00e6rskilte tilfeller kateket for ditt barn som f\u00e5r vite om, og det er taushetsbelagt. De som har tilgang til slik info har undertegnet taushetserkl\u00e6ring.<\/span><\/p>\n<p><span style=\"font-size: 12pt;\">Med unntak fra det som er nevnt ovenfor, vil ikke opplysningene vi ber om i p\u00e5meldingsskjemaet til katekesen bli delt videre.<\/span><\/p>\n<h3><span style=\"font-size: 14pt;\">Dine rettigheter&nbsp;<\/span><\/h3>\n<p><span style=\"font-size: 12pt;\"><em>Rett til innsyn i egne opplysninger<\/em><br \/>\nDu kan be om en kopi av alle opplysninger vi behandler om deg. Ta kontakt p\u00e5 epostadressen nedenfor for \u00e5 bruke innsynsretten din.<br \/>\n<em><br \/>\nRett til korrigering av personopplysninger<\/em><br \/>\nDu har rett til \u00e5 be oss rette eller supplere opplysninger som er feilaktige eller misvisende.<br \/>\n<em><br \/>\nRetten til sletting av personopplysninger<\/em><br \/>\nDu har rett til \u00e5 f\u00e5 dine personopplysninger slettet uten ugrunnet opphold. Du kan derfor n\u00e5r som helst be oss slette opplysninger om deg selv. Men merk at informasjon som vi er p\u00e5lagt beholde av hensyn til andre rettslige forpliktelser (som fore eksempel registrering av medlemsopplysninger og rapportering) ikke vil bli slettet.<\/span><\/p>\n<p><span style=\"font-size: 12pt;\">Vil du oppdatere informasjon, eller kanskje du bare er nysgjerrig p\u00e5 informasjonen vi har om deg og ditt barn?<br \/>\nTa kontakt med menighetskontoret om du lurer p\u00e5 eller \u00f8nsker \u00e5 oppdatere informasjon.<\/span><\/p>\n<p><span style=\"font-size: 12pt;\"><strong>E-post adresse:<\/strong>&nbsp; Mang.Van.Le@katolsk.no&nbsp;<br \/>\n<\/span><span style=\"font-size: 12pt;\"><strong>Telefonnummer:<\/strong>&nbsp; 90 60 22 55<\/span><\/td>\n<\/tr>\n<\/tbody>\n<\/table>\n<p>&nbsp;<\/p>\n","protected":false},"excerpt":{"rendered":"<p>&nbsp; Personvernerkl\u00e6ring for St.Laurentius katolske menighet Denne personvernerkl\u00e6ringen beskriver hvordan St.Laurentius menighet behandler personopplysninger og hva slags personopplysninger vi lagrer,<\/p>\n","protected":false},"author":2,"featured_media":0,"parent":0,"menu_order":0,"comment_status":"closed","ping_status":"closed","template":"","meta":{"colormag_page_container_layout":"default_layout","colormag_page_sidebar_layout":"default_layout","ngg_post_thumbnail":0,"footnotes":""},"class_list":["post-12319","page","type-page","status-publish","hentry"],"jetpack_sharing_enabled":true,"_links":{"self":[{"href":"https:\/\/drammen.katolsk.no\/index.php\/wp-json\/wp\/v2\/pages\/12319","targetHints":{"allow":["GET"]}}],"collection":[{"href":"https:\/\/drammen.katolsk.no\/index.php\/wp-json\/wp\/v2\/pages"}],"about":[{"href":"https:\/\/drammen.katolsk.no\/index.php\/wp-json\/wp\/v2\/types\/page"}],"author":[{"embeddable":true,"href":"https:\/\/drammen.katolsk.no\/index.php\/wp-json\/wp\/v2\/users\/2"}],"replies":[{"embeddable":true,"href":"https:\/\/drammen.katolsk.no\/index.php\/wp-json\/wp\/v2\/comments?post=12319"}],"version-history":[{"count":25,"href":"https:\/\/drammen.katolsk.no\/index.php\/wp-json\/wp\/v2\/pages\/12319\/revisions"}],"predecessor-version":[{"id":12399,"href":"https:\/\/drammen.katolsk.no\/index.php\/wp-json\/wp\/v2\/pages\/12319\/revisions\/12399"}],"wp:attachment":[{"href":"https:\/\/drammen.katolsk.no\/index.php\/wp-json\/wp\/v2\/media?parent=12319"}],"curies":[{"name":"wp","href":"https:\/\/api.w.org\/{rel}","templated":true}]}}